t g be -1 - 1*(4 + -8). Let o be (11/(-4))/(g - 517/172). What is the greatest common divisor of o and 43?
43
Let c(f) = 2*f**3 + 99*f**2 + 46*f - 110. Let z be c(-49). Calculate the greatest common factor of 37 and z.
37
Suppose -6 = 2*y, 5*u - 3*y + 2*y = 63. Let z be (-8)/u + (-20)/(-3). Let p be 2 + 30/(-75) + (-12)/(-5). What is the greatest common factor of z and p?
2
Let p be 2262/(-12)*(0 + -2). Suppose 4*u + 5*x - p = 0, -3*u - 2*u + x + 435 = 0. What is the greatest common divisor of u and 8?
8
Suppose -3*v = -5*n + 28, -v + 2*n - 6 = n. Let u be (v - (2 - 2))*2. Let m be u/(-8) + 5100/16. Calculate the highest common divisor of 29 and m.
29
Let s(d) = d**3 - 3*d**2 - 4*d + 3. Let z be s(4). Suppose -z*v + 54 = -51. What is the greatest common divisor of v and 14?
7
Suppose 5*h + 9 = 4*h - 3*r, -2*r - 6 = 0. Suppose -5*g - 465 = -5*m, -m + 2*g + 27 + 68 = h. What is the greatest common divisor of 7 and m?
7
Let z be (28 - 3)/(2 + -3). Let i = z + 41. What is the greatest common factor of i and 128?
16
Let c(f) = 2*f**2 - 6*f + 20. Let j be c(4). Calculate the highest common divisor of 42 and j.
14
Let i = -68 - -76. Suppose i*d + 156 = 12*d. What is the highest common factor of d and 351?
39
Let d = 703 + -691. Calculate the greatest common factor of 1020 and d.
12
Let x(t) = 15*t**3 - 3*t**2 + 5*t + 11. Let k be x(5). What is the greatest common divisor of 12 and k?
12
Let u be (1/4 + 0)*20. Let c(g) = g**2 - 5*g + 3. Let m be c(u). Let b(f) = f**2 - 2*f + 2. Let q be b(m). Calculate the greatest common divisor of q and 10.
5
Let l = -196 + 376. Calculate the greatest common factor of l and 300.
60
Let i be (3 + -1)*(62/4 - -1). What is the greatest common divisor of 561 and i?
33
Let l be 1/(21/18 - 1). Let a(b) = -22*b - 4. Let m be a(-4). Suppose -5*s = -4*o + 127 + 41, m = 2*o + 4*s. Calculate the greatest common factor of l and o.
6
Let k be ((-12)/(-36))/(23/(-6) + 4). Let t be (-6)/(-9)*6/2. What is the greatest common factor of t and k?
2
Suppose 13004 = 17*s - 27949. What is the greatest common factor of 66 and s?
33
Let w(y) be the second derivative of y**5/10 + y**4/6 - y**2/2 - 14*y. Let n be w(1). Calculate the highest common factor of 21 and n.
3
Let y = 7 + 81. Let a(b) = b**2 - b - 1. Let p be a(-1). Let z be ((-20)/(-15))/(p/6). Calculate the highest common divisor of z and y.
8
Let v = 102 - 99. What is the greatest common factor of v and 69?
3
Suppose 0 = 2*r + x - 211, 10 = 2*x - 0*x. Let n = 147 - r. Suppose -3*k = -5*c - 67, 5*k - 3*k - n = 4*c. Calculate the greatest common divisor of 36 and k.
12
Suppose 5*t - t + 4 = 0. Let i(l) = -7*l**3 - 1. Let z be i(t). Let s = -27 + 31. Calculate the greatest common factor of s and z.
2
Let g be 8/(-4) + 3 + -9. Let y be (27/(-18))/(6/g). Suppose y*v = v + 19. What is the greatest common factor of 133 and v?
19
Let h(d) = 124*d**2 - 11*d - 9. Let k be h(-1). What is the greatest common factor of k and 21?
21
Let i be (190/15)/((-4)/18). Let n be 6*(-3 + 4 + i/(-9)). Calculate the greatest common divisor of n and 11.
11
Suppose -103 = -3*k - 4*w, -12*k + 2*w = -10*k - 50. Calculate the highest common divisor of 87 and k.
29
Let w be 5*(-1 - -2) - 0. Let r = 16330 - 16325. Calculate the highest common divisor of r and w.
5
Let k(r) = -5*r**3 - 14*r**2 - r + 2. Let v be k(-4). What is the greatest common factor of 1530 and v?
102
Suppose -7 - 33 = -4*y. Let v be (-2)/(-3) - (-6)/18. What is the highest common factor of y and v?
1
Let j be (-1 + 0)/(4/(-120)). Let h(i) = i**2 - 17*i + 27. Let t be h(17). Suppose 28*m - 6 = t*m. What is the highest common divisor of m and j?
6
Suppose b - 5*s + 6*s - 9 = 0, 5*b - 57 = s. Let g be (b - -1) + 2/(-2). Calculate the highest common divisor of g and 77.
11
Suppose -38 = 8*z - 6*z. Let a = z + 32. What is the greatest common divisor of 104 and a?
13
Let i = -1132 - -1347. Calculate the highest common factor of i and 344.
43
Let o(h) = h**2 - 2*h - 44. Let f be o(-6). Let m(c) = -c**3 + 4*c**2 + 4*c + 1. Let y be m(f). Calculate the highest common factor of 187 and y.
17
Let o be (-4 + 2)*155/(-10). Suppose 7*j - 2*i + 67 = 4*j, 62 = -3*j + i. Let f = o + j. Calculate the highest common divisor of f and 84.
12
Let f be (-2)/6 + 264/36. Suppose -3*w = -f*w + 8. Suppose w*j = j + 24. Calculate the highest common factor of 16 and j.
8
Let i be 1*(-9)/(-6)*2. Suppose i*y + y = 8. What is the highest common factor of 1 and y?
1
Let s(p) = 13*p. Let d be s(3). Let q = -3 + d. Calculate the highest common factor of 9 and q.
9
Let w(t) = -22*t - 7. Let a be w(-6). Let c(k) = -k**2 - 14*k - 8. Let d be c(-3). Calculate the highest common factor of d and a.
25
Let f(t) = -t**2 + 11*t - 15. Let v be f(6). Let n(q) = -14*q - 97. Let m be n(-8). Calculate the greatest common divisor of v and m.
15
Let m be (-2)/19 - (-78)/19 - -94. Calculate the highest common divisor of 931 and m.
49
Let u(s) = 3*s**2 + 8*s - 16. Let v be u(-8). Let k = 82 - 66. What is the greatest common divisor of v and k?
16
Suppose 5*g - 71 = 4*h, -4*g + 4*h - 34 = -6*g. Let b = g - -5. Let l be 3 - (-1 - (0 + 6)). What is the highest common factor of b and l?
10
Let s = 33 - 31. What is the greatest common factor of s and 3?
1
Let o be 38/2*(15 - 7). Suppose 3*l + b - 113 = 0, 3*l - 4*b + 33 = 151. Calculate the greatest common factor of o and l.
38
Let b be 2/6 + (-484)/(-6). What is the greatest common divisor of 27 and b?
27
Suppose 270 = -4*b + 9*b - 5*q, 218 = 4*b - 3*q. Calculate the highest common factor of b and 126.
14
Let w be 17/((15/(-315))/((-2)/7)). Let a = w - 87. Let y = -7 + 10. What is the highest common divisor of a and y?
3
Suppose -u + 44 = -3*h, -4*u + 2*h - 5*h = -116. What is the greatest common divisor of u and 16?
16
Suppose -5*i - 60*g + 55*g + 280 = 0, 5*i - 296 = -g. What is the highest common factor of 660 and i?
60
Suppose -5*u = 5*y - 790, -4*y - 145 = -u + 23. Calculate the greatest common factor of u and 25.
5
Let f(o) = -36*o + 135. Let t be f(-7). What is the highest common factor of t and 43?
43
Let t be ((-2)/(-1))/(-1) + 7. Let v be t/(-4)*(3 - 95). Suppose 135 = 2*y + 43. Calculate the highest common factor of y and v.
23
Suppose 10 = 19*h - 14*h. Let q be (-4)/2*1/2. Let x be (-4)/(-6)*q*-33. What is the greatest common factor of x and h?
2
Let s = 8 - -16. Suppose 118*a + 720 = 124*a. What is the highest common divisor of a and s?
24
Let i(b) = -b**2 + 13*b - 16. Let w be i(9). What is the highest common divisor of w and 130?
10
Let a(r) = 8*r**2 - 11*r**2 + 4*r**2 + 5*r - 12. Let j be a(4). What is the greatest common factor of j and 8?
8
Let l = -8 - -7. Let t be l/5 - -1*138/15. Calculate the highest common factor of t and 63.
9
Suppose 2*i - 8 - 10 = 0. Let p = i - 1. Suppose -p = -3*o + 28. What is the greatest common divisor of 60 and o?
12
Let h(n) = n + 21. Let a be h(-21). Suppose -4*l + 5*s + 606 = a, l - 458 = -2*l + 2*s. What is the highest common factor of 14 and l?
14
Suppose 4*d + 676 = 748. Calculate the highest common factor of 639 and d.
9
Let t = -37 - -32. Let n be (2 - 614/t)*(-10)/(-3). Calculate the highest common factor of 52 and n.
52
Suppose 3*s = 12, -s + 26 = -3*c + 4*s. Let d(v) = 12*v**2 + 2*v + 1. Let u be d(c). Let l = 12 - 3. What is the greatest common divisor of u and l?
9
Let m(d) = -35*d**2 - d + 2. Let b be m(-2). Let s = b + 60. Let c = 108 + s. Calculate the highest common divisor of c and 80.
16
Let p = -788 - -1271. What is the greatest common factor of 115 and p?
23
Suppose -1244*r + 2255 = -1239*r. What is the greatest common factor of r and 82?
41
Let w = -10 + 2. Let n = 21 + w. Let p = n - 9. Calculate the highest common divisor of 12 and p.
4
Let w = 230 - 146. Suppose 7*o - 4*o = 6. Suppose 0 = 4*x + o*j - 38, 5*x - 4*x + 3*j + 3 = 0. Calculate the greatest common divisor of w and x.
12
Let q(u) be the third derivative of -u**4/3 - 5*u**3/2 + 12*u**2. Let f be q(-5). Calculate the highest common divisor of 5 and f.
5
Suppose 0 = k + 4*x - 38, -3*x - 62 = -5*k + 36. Calculate the highest common divisor of k and 506.
22
Let x = -20384 - -20480. Suppose d = -2*p + 2*d + 23, -59 = -5*p + d. What is the greatest common factor of x and p?
12
Let k = 86 - 54. What is the highest comm